 Determine k(0).
13
Suppose 2*o = -2*o + 4*f, 20 = 4*f. Let m = 8 - o. Let v = -7 + m. Let l(a) = a**2 + 4*a - 5. What is l(v)?
-5
Suppose 4*a + 5*x = -16, -3*x = 4*a - a + 9. Let c(f) = 2*f**3 + 0*f + f + 4*f**3. Calculate c(a).
7
Suppose -12 = -3*o - 3*o. Let j(h) = 0*h + 0*h + 0 - h + o. What is j(2)?
0
Let g(a) be the first derivative of -a**4/2 - 2*a**3/3 - 2*a**2 - 2*a + 11. Give g(-2).
14
Let c(o) = 2*o**2 + 17*o + 13. Let u(p) = -p**2 - 8*p - 6. Let b(a) = 6*c(a) + 13*u(a). Let n be 6/(-8)*(3 + 1). What is b(n)?
-3
Let g(s) = s**2 - 1 + s**3 + s - 6*s**3 + s**3. Suppose 30 = 4*z + z. Suppose w - z*w = -5. Calculate g(w).
-3
Let m(y) = -y**3 - y**2 + 4*y - 1. Let i(c) = c + 1. Let k be i(-8). Let p be (k - -1) + 8 + -5. Give m(p).
5
Let w(n) = 15*n**2 + 15*n - 13. Let r(q) = -7*q**2 - 7*q + 6. Let j(v) = 13*r(v) + 6*w(v). Let m = 55 + -58. What is j(m)?
-6
Let o(q) = -2*q**3 + 8*q**2 - 5*q + 11. Let u(w) = w**3 - 3*w**2 + 2*w - 4. Let f(v) = 3*o(v) + 8*u(v). Let h = -11 + 10. Calculate f(h).
-2
Let m(b) = -b**3 - b**2 + 2. Let l = -12 + 22. Suppose l = -2*z + 2*g, g - 2*g = 3*z + 3. Determine m(z).
6
Let q(o) = -2*o - 52*o**3 + 103*o**3 - 52*o**3 + 3 - o + 2*o**2. Determine q(2).
-3
Let w(k) = -6*k + 4*k**2 + 4 - 3*k**2 - 2*k**2 + 2*k**2. Let g be w(5). Let v be 1 + g - (-45)/9. Let b(p) = p**3 - 5*p**2 + p - 7. Give b(v).
-2
Let j(y) = 4*y - 4. Let d(g) = -g**2 - 11*g - 13. Let h be d(-9). Suppose -15 = -10*c + h*c. Give j(c).
8
Let x(n) = 3*n + 6. Let w(k) be the second derivative of -5*k**4/12 + k**2/2 + k. Let o be (7/(28/(-8)))/(-2). Let t be w(o). Determine x(t).
-6
Let x be ((1 + -4)/3)/1. Let q = -4 - x. Let h be q/15 - (-4)/(-5). Let g(c) = -c - 1. Determine g(h).
0
Let i(n) = -1. Let v(a) = -4*a + 4. Let r(f) = 5*i(f) + v(f). Give r(1).
-5
Let m(u) = 2*u. Let b be m(-1). Let w be 2/(-6) - (-7)/3. Let c(y) = 2 - 3*y**w + 3*y**2 + 4*y + y**2. Give c(b).
-2
Let b(v) = v + 5*v**2 - v**2 - 5*v**2. What is b(2)?
-2
Let b be (-6 - -1) + 0 + 3. Let r = b - -5. Let m(j) = -j + 3. What is m(r)?
0
Let r(s) = 3*s**2 + 2*s - 2. Let z be r(1). Let g(u) = 2*u**2 - 3*u - 2. Give g(z).
7
Let g(s) be the third derivative of -s**6/120 - 7*s**5/60 - s**4/3 - 3*s**3/2 + s**2. Suppose -6*c - 14 = 22. Calculate g(c).
3
Suppose 7*s = 4*s. Let k(p) be the first derivative of -p**2/2 - 3*p - 2. Determine k(s).
-3
Let o(c) = 12*c - 3. Let a(l) = 11*l - 3. Let m(j) = -4*a(j) + 3*o(j). Calculate m(2).
-13
Let r(m) be the second derivative of 5*m**3/6 + m**2 + 39*m + 2. Suppose 3*a = 4*a + 2. Determine r(a).
-8
Let h(v) be the second derivative of v**5/20 - 5*v**4/12 - 7*v**3/6 + 2*v**2 + 9*v. Determine h(6).
-2
Let g(i) = i - 3. Suppose 2*q = -y + 3 - 4, 3*q + 2*y = -2. Let r = q + 3. Suppose 9 = r*t - 3. Determine g(t).
1
Let f(y) = y**3 + 6*y**2 + 3*y - 7. Let w be f(-5). Let k(m) = 8*m**2 - m**2 - w*m - 3*m**2 - 3*m**2 + 5. Calculate k(4).
9
Let z be 261/58 - 4/1. Let m(j) be the second derivative of -3*j + 0 - z*j**2 + 2/3*j**3. What is m(-2)?
-9
Let b(u) = -u**2 + 4*u - 4. Let s(n) = -n**2 + 3*n + 8. Let v be s(4). Calculate b(v).
-4
Let i be (1 + -8)/(-2 - -1). Let y(m) = i*m - 4*m + 4 + 2*m. Determine y(-3).
-11
Let c(g) = 0 + g**2 + 4 + 8*g - 3 + 0. Calculate c(-6).
-11
Let b(u) = -u**3 + 4*u**2 + 5*u + 2. Let v be b(5). Let q = 4 - 2. Let l(w) = -q*w + 5*w - 2 - 1. Calculate l(v).
3
Let c = 2 + 1. Let l(r) = -2*r - 2 - 3 + c*r. Determine l(3).
-2
Let w(r) = r**3 - 7*r**2 - 7*r - 6. Let q be w(8). Suppose 7 = -o + q*o. Suppose 4*m = 3*f + 1, 2*m - 3*f + 2 - o = 0. Let y(u) = 4*u + 3. Give y(m).
-5
Let l(n) be the third derivative of 0 + 0*n + 1/12*n**4 - n**2 - n**3. What is l(5)?
4
Let g be (-36)/(-10) - 10/(-25). Let y(d) = d**2 - 6*d + 1. Give y(g).
-7
Let m(r) = -r. Suppose 0 = 3*z - 8*z. Let s = -3 - z. Let y = s - -3. What is m(y)?
0
Let u(x) be the first derivative of -x**3/3 + 3*x**2 - 3*x - 11. Let t be -2 + 9 + 1*-2. Determine u(t).
2
Let m(c) = -c**2 + c + 4. Let g(u) = -3*u + 6 - u + 3*u + 4. Let i = -1 - -8. Let j be g(i). Give m(j).
-2
Suppose 6*v = 2*v + 8. Suppose v*x - x - 2 = 0. Suppose 4*h + 3*i + 5 = x*h, -5*h = 2*i - 15. Let f(z) = z - 1. Calculate f(h).
4
Let u be -1 + -1 + (-7 - -3). Let l(n) = -2*n - 7. Determine l(u).
5
Suppose 3*j = -4*r + r + 9, -4*r + 5 = -3*j. Let q(v) be the first derivative of -v**3/3 - v**2/2 + 2*v - 9. Calculate q(r).
-4
Suppose -3*a - 12 = a. Suppose -5*y + y + 8 = 0. Let j(t) = t. Let o(i) = i - 1. Let n(v) = a*j(v) + y*o(v). Determine n(0).
-2
Let k(i) = i**3 + 5*i**2 + 3*i + 3. Suppose -4*c - 9 = 11, 3*o + 2*c = -7. Suppose 0 = -5*v - o - 14. What is k(v)?
12
Let w(i) = -i. Let q be (-4)/26 + 192/(-104) + 4. Determine w(q).
-2
Let d = 30 - 28. Let f(b) be the second derivative of 0 + 7/6*b**3 - 1/2*b**d - b. Calculate f(1).
6
Suppose -4*y = m - 3*m - 2, -3*y = m - 9. Let f(h) = 5 + h**y - 4*h + h - 3*h. What is f(6)?
5
Let w = -129 - -127. Let d(x) = 8*x**2 + 2*x + 3. Let i(v) = 9*v**2 + 2*v + 4. Let t(l) = -6*d(l) + 5*i(l). Determine t(w).
-6
Let i(w) = 3316 - 3323 + 0*w - 3*w. Calculate i(-3).
2
Let t(w) be the second derivative of -w**3/2 - 2*w**2 - 13*w. What is t(-5)?
11
Let z(w) = -5*w**2 + w - 4. Let q be z(2). Let y = q + 18. Let d(m) = -2*m - 3. What is d(y)?
5
Suppose 0*p = -7*p - 0*p. Let o(g) = -g**2 + 2. What is o(p)?
2
Let l(o) be the second derivative of 0 + 1/12*o**4 + 2*o - o**3 + 7/2*o**2. Give l(5).
2
Let z(t) be the first derivative of 7*t**2/2 + t + 13. Give z(2).
15
Suppose 5*x = o + 2 - 0, 2*x - 6 = 3*o. Suppose 2*d + 3*g = 3*d - 9, 2*g + 4 = 0. Let p(s) = 11 - s**2 + 0*s**3 - s**d - 3. Give p(x).
8
Let d(p) = -2*p**2 - 4*p + 5. Let g(h) = -h**2 - h + 1. Let i(v) = -d(v) + g(v). Let s be ((-36)/(-42))/(1/(-7)). Let m = -9 - s. Give i(m).
-4
Let c be -1 + 3*((-4)/3)/2. Suppose 0*t - 2*t + 4 = 0. Let z(w) = 1 + 3*w**t + w**3 + 3*w - 3*w. What is z(c)?
1
Let g be (-1)/(2 - 18/10). Let u = -2 - g. Let s(a) = 7 + 0*a - 2*a - u. What is s(3)?
-2
Suppose -2*y - 25 = -2*s - 9, -2*y - 28 = -5*s. Let t(b) = 2*b - 4. Calculate t(y).
-12
Suppose 12 = -4*l - 4. Let g be 18/(-4)*l/3. Let k(d) = -d + 5. What is k(g)?
-1
Let n be 16/6*21/14. Suppose 5*b + 4*q - 11 = 0, -5*b + 19 = -0*q - n*q. Let i be 3/15 + b/(-15). Let g(s) = s - 4. What is g(i)?
-4
Let b(i) be the first derivative of -i**6/120 - i**5/20 + i**4/24 + 3*i**2/2 + 4. Let r(q) be the second derivative of b(q). Determine r(-3).
-3
Let k(s) = 1. Let x(j) = -j**3 + 3*j**2 + 7*j + 7. Let t(z) = 5*k(z) - x(z). What is t(5)?
13
Let o = -3 + 5. Let y(p) = -5*p**2 + 2*p**2 + 2*p**o - 3*p - 2. Let c(z) = 2*z + 10. Let f be c(-6). Calculate y(f).
0
Suppose -2*m - m + 78 = 5*h, 5*h - 4*m - 71 = 0. Let f(c) = c - 9. Calculate f(h).
6
Let g(f) = f + 9. Let i(x) be the first derivative of x**3/3 + 30*x - 2. Let q be i(0). Suppose 0 = -5*c - 5*u - q, 8 = -5*u + 3. Give g(c).
4
Let h(y) = 9*y**3 + y - 7. Let s(k) = -17*k**3 - 2*k + 13. Suppose 22 = g - 3*g. Let r(w) = g*h(w) - 6*s(w). Let x be 28/20 + (-6)/15. Calculate r(x).
3
Let i(l) be the second derivative of -5/12*l**4 + 0 + 1/20*l**5 - 5/6*l**3 + 4*l - 3*l**2. Give i(6).
0
Let x(j) = 2*j**2 - 15*j + 3. Let d(p) = p**2 - 8*p + 1. Let a(r) = -7*d(r) + 4*x(r). What is a(4)?
5
Let c(d) = -d**3 - 6*d**2 + 4*d + 5. Let f be c(-5). Let y be ((f - 2)/(-3))/2. Let s = y + -10. Let v(m) = -m - 7. Calculate v(s).
-4
Let m(d) = 5*d**2 + 3*d - 7. Suppose 0*h + 9 = h. Let v be 8/(1 - -1 - 0). Let w(s) = -11*s**2 - 7*s + 15. Let y(p) = h*m(p) + v*w(p). What is y(0)?
-3
Suppose -6*x = -5*x + 27. Let u be x/5 - (-4)/10. Let l(a) = -5*a**2 - a - 6 - a**3 + 0*a - a. Give l(u).
4
Let f(u) = -u**3 - u**2 - 6. Let q be (-8)/44 + 6/33. What is f(q)?
-6
Let q(m) = -1 - 7*m**2 - m + 2*m + 5*m**2. Suppose -i - 2*i + 6 = -5*y, 2*i + 3*y - 4 = 0. Give q(i).
-7
Let y(z) = 9 - 23 + 6 + 7 + z. Determine y(-3).
-4
Let r(z) = z**3 + 2*z**2 + z + 2. Let u(t) = t**2 - 5*t - 8. Let s(k) = -k**3 - 7*k**2 + 6*k - 10. Let g = -8 - 0. Let m be s(g). Let b be u(m). What is r(b)?
0
Let u(b) = -4*b + 3. Let s be u(2). Let q(v) = v**3 + 6*v**2 + 5*v - 6. Calculate q(s).
-6
Let s(o) = -o. Let k(j) = -j + 2. Let w(q) = -7 + 2*q + 0 + 2*q. Let h(b) = -7*k(b) - 2*w(b). Let u(y) = h(y) - 3*s(y). What is u(-4)?
-8
Let l(a) = 9